e the second derivative of 19*o**3/6 + 69*o**2/2 + 2489*o. Give b(-4).
-7
Let t = -17052 + 17047. Let j(f) = 5*f**2 - 8*f - 3. Give j(t).
162
Let g(n) = -209*n - 254. Let y(d) = -578*d - 762. Let v(o) = 11*g(o) - 4*y(o). Determine v(-20).
-6
Suppose 0 = -5*u - 2*h - 24 - 9, 5*u + 3*h = -32. Let m(f) = f**2 + 6*f - 15. What is m(u)?
-8
Suppose -10719 + 10614 = -21*x. Let w(n) = n**3 - 3*n**2 - 9*n - 2. Give w(x).
3
Let t = -351 - -356. Let k(a) = -4*a**2 - 8*a - 3. Let v(o) = 7*o**2 + 15*o + 7. Let l(g) = t*k(g) + 3*v(g). Suppose 1 = 2*b + 11. Give l(b).
6
Let j(m) = 5*m - 5*m + 4*m - m**2 + 2*m - 5. Let n(w) = 0 + 3*w**2 + w**2 - 3*w**2 + 6 + 3*w. Let d be n(-2). Calculate j(d).
3
Let b(p) = 839 + 817 - 6*p - 1637 + 18*p. Give b(-1).
7
Let z be 8 - 2/(3 - 4). Let k be ((-3)/(-4)*2)/((-5)/z). Let s(l) = -6*l - 224*l**2 + 223*l**2 + 2*l + 1. What is s(k)?
4
Let t(v) = -v**3 - 5*v**2 + v + 3. Let a be t(-6). Let s(i) = 41*i - 4 + a*i - 70*i. Determine s(4).
12
Let x(k) = 430*k - 426. Let f be x(1). Let r(v) be the second derivative of 0 + 3/2*v**2 - 5/6*v**f - 1/20*v**5 - 25*v - 3/2*v**3. Calculate r(-9).
3
Let r(o) = 2*o**3 + 25*o**2 - 12*o + 27. Suppose -87*d - 52 = -83*d + 3*s, -2*s = -d - 13. What is r(d)?
14
Let a(f) = -44*f - 56. Let s(r) = 21*r + 19. Let k(x) = -5*a(x) - 11*s(x). Calculate k(11).
-50
Let m be -5*(2 - (-12)/(-5)). Suppose -p + m*p = 0. Let s(r) = -1 + r**2 - r + 5 + 2 + p. What is s(0)?
6
Let y(g) = -2*g**2 - 19*g - 1. Let k(q) = 2*q**2 + 77*q + 109. Let w(u) = -k(u) - 2*y(u). Determine w(22).
3
Let j be (-288)/81 + (-8)/18 + 2. Let f(y) = 3*y**3 + 2*y**2 - y + 2. Give f(j).
-12
Suppose 0 = -3*u - 5*w + 95, -2*w = 8*u - 12*u + 118. Suppose -u*p + 24*p + 30 = 0. Let f(m) = -m**2 + 3*m - 5. Determine f(p).
-15
Let v(u) be the first derivative of -u**4/4 + 6*u**3 - 17*u**2 + 27*u - 2766. Determine v(16).
-5
Suppose -1246*b + 1259*b = 0. Let m(n) = -10*n + 5. What is m(b)?
5
Let b be (-3 - (-40)/(-10)) + -3. Let l(g) = g**3 + 9*g**2 - 13*g + 5. Calculate l(b).
35
Let b(y) = 11*y - 3. Let l(c) = -5*c + 1. Let x(z) = -4*b(z) - 9*l(z). Suppose 2*u = -6, 5*w - u = -682 + 160. Let p = w - -109. Determine x(p).
7
Let g(o) = -o**2 + 10*o - 10. Suppose -11*y + 50 = -49. Let l be g(y). Let c(w) = -6*w + 16*w - 8*w - 7*w**2 + 1. Determine c(l).
-8
Let w be -11 + 12/(6 + -3) - 1. Let l(k) = 8*k + 5 + 3 - 2 + k**2. Determine l(w).
6
Let w be (-2 - -1) + 3/(-1). Let p(v) be the second derivative of v**5/20 + v**4/4 - 2*v**3/3 - 3*v**2/2 - 8783*v. Determine p(w).
-3
Let w(x) = 2*x - 3. Let r(t) = -13*t + 29. Let c(l) = 3*r(l) + 21*w(l). Let b be (-1 - 6)*(0 + 1). Let n be c(b). Let y(f) = f - 3. Give y(n).
0
Let a(p) be the third derivative of -19*p**5/60 + 5*p**4/24 - 2*p**3/3 - 46*p**2 - p. Let u(i) = i**2 + i - 1. Let w(f) = -a(f) + 5*u(f). Determine w(1).
23
Let u(v) = -v**2 + 3*v + 6. Let i(y) = 9*y + 62. Let z be i(9). Suppose -5*q + z - 123 = 0. Determine u(q).
2
Let h be (-4*(-2)/(-10))/((-5)/275). Let c = -42 + h. Suppose 6*k - 32 = c*k. Let l(v) = -2*v + 8. Determine l(k).
-8
Suppose -5*s - 5*l - 10 = 0, -3*l - 37 = -5*s - 111. Let p(f) = -f**3 - 12*f**2 - 10*f + 8. Determine p(s).
-92
Let g be (36/27)/(1/3). Let h(x) = 4*x**3 - 25*x**2 - 13*x + 11. Let b(j) = -j**3 + 6*j**2 + 3*j - 3. Let s(i) = 9*b(i) + 2*h(i). What is s(g)?
-1
Suppose 16*q + 312 = 20*q. Let n = q - 110. Let d = -26 - n. Let c(f) = f**3 - 5*f**2 - 9*f + 6. What is c(d)?
-12
Let p(s) = -45*s + 83. Let q(o) = 55*o - 96. Let b(l) = -5*p(l) - 4*q(l). Calculate b(10).
19
Let u be (-532)/(-95) - 2/(-5). Let s(z) = -10 - u + 16*z**2 + 16. Give s(-1).
16
Let b(d) = -d**2 + 2*d + 7. Suppose -3*l = -5*n + 20, -49*l + 54*l - 5*n = -20. Give b(l).
7
Suppose 4 = -5*g + 24. Let f be (g/10)/((-111)/(-15) - 7). Suppose -l - y + 2*y = -f, 4*y + 12 = -4*l. Let r(k) = -k**2 - 2*k. Give r(l).
1
Let k(z) = z**3 + 2*z**2 - 2*z - 2. Let o(t) = t**2 - 6*t + 9. Let j = 15 + -10. Let l be o(j). Let a(f) = f**3 - 3*f**2 - 6*f + 6. Let g be a(l). What is k(g)?
2
Suppose l + 3*m + 23 = 0, -30*m + 10 = 2*l - 31*m. Let b(a) = 2*a + 0*a**3 - 2*a**3 + a - 2*a. What is b(l)?
-1
Let o = -45 + 47. Suppose 0 = -0*c + o*c - 582. Let u(a) = c*a - 3*a**3 - 289*a + 2*a**3 - 4*a**2. Calculate u(-4).
-8
Let k(q) be the third derivative of q**5/60 - q**4/8 + 2*q**3/3 - 61*q**2 + 2*q. Let z = 41 + -36. Determine k(z).
14
Suppose 4*p + i = 17, 0*p - 4*p - 3*i = -11. Let m(l) be the first derivative of -1/4*l**4 + 1 + 2*l**2 + 4/3*l**3 + 0*l. Determine m(p).
-5
Suppose -3*t = 0, 5*t = -16*y + 11*y + 460. Let b be (y/(-115))/((-2)/5). Let g(w) = -w**2 - w - 1. Determine g(b).
-7
Suppose -3*n - 5*z = -z + 20, 5*n + 52 = -2*z. Let k = 14 + n. Let t(o) = -5 - 1 - k*o + o + 2*o. Give t(-6).
-12
Let b(z) = -z**3 - z**2 + 4*z - 5. Let g be b(-5). Suppose 5*a - g + 55 = 0. Let o(k) = 6*k**2 + k - k**3 - 2*k**2 + 2*k**3 + 3 - 2*k**3. What is o(a)?
7
Suppose 0 = -7*a + 4*a + 3*r - 42, -5*a + 4*r - 66 = 0. Let u(f) be the first derivative of f**2/2 - 3*f + 368. Calculate u(a).
-13
Let p(k) = 6*k - 168. Suppose -13*d = 31*d + 6*d - 1400. Calculate p(d).
0
Let n(c) = 7*c + 1. Let b(g) = -8*g**3 - g**2 - 2*g - 1. Let y be b(-1). Let z be 10/(2/(-6) + 68/(-102) + 3). Suppose -z*i + 9*i - y = 0. Give n(i).
15
Let a(z) = -2*z - 28. Let l(g) = g**3 - 11*g**2 + 21*g + 11. Let v be l(8). Give a(v).
-2
Let i(n) = 5*n - 60. Let t be 81/6 - (-83)/(-166). Give i(t).
5
Let v = -28901 + 28904. Let m(w) = -6*w**2 - 3*w - 1. Give m(v).
-64
Let q be -9 + 522/63 - 4/14. Let d(i) = 2*i**3 + i**2 + i. Determine d(q).
-2
Let l(r) be the third derivative of r**4/3 - r**3/2 - 5284*r**2. What is l(8)?
61
Let r(j) = -2*j**2 - 2*j + 4. Let a be (-29)/9 - (-34)/153. Let h be r(a). Let d(w) be the third derivative of w**6/120 + 2*w**5/15 - 4*w**2. What is d(h)?
0
Suppose 2*d = -6 + 2, -8 = -b + 2*d. Let w(o) = -11*o**2 + 69*o + 18. Let i(g) = -9*g**2 + 55*g + 15. Let h(a) = 5*i(a) - 4*w(a). Determine h(b).
-17
Let t(a) = -2*a**2 - 156*a + 474*a - 3 - 165*a - 165*a. Determine t(-4).
13
Suppose 4*g + 6 = z, 109*z - 108*z = 3*g + 6. Let j(u) be the second derivative of g + 7/6*u**3 + 1/12*u**4 + 0*u**2 - 16*u. Determine j(-7).
0
Let g(f) = -2*f**2 - 76*f + 1. Suppose 118*n - 114*n + 148 = -2*k, -2*k = -5*n - 194. Give g(n).
1
Let l(w) = -6*w**2 + 14*w - 13. Let u be l(1). Let k(j) = -j**2 - 5*j - 5. Let r(c) = -2*c**2 - 9*c - 11. Let t(y) = 5*k(y) - 2*r(y). Give t(u).
7
Let f(h) be the third derivative of 5*h**4/24 - 13*h**3/6 - 9*h**2. Let t be f(3). Let v(z) = 4*z**3 - 5*z**t - 3*z**3 - 4*z - 25 + 52 - 30. Determine v(6).
9
Let c(v) = v + 5. Let j = 16 - 14. Suppose -3*y + 5*o = 22 + 24, j*y + o = -9. What is c(y)?
-2
Let g(u) = 2*u**2 - 7*u - 2. Let j = 435 - 345. Let k be 3*(-6)/j*-25. What is g(k)?
13
Let r(w) be the third derivative of -w**4/24 - 4*w**3/3 + 74*w**2. Let d(q) = -q + q + 2*q - q + 7. Let a(n) = -6*d(n) - 5*r(n). What is a(3)?
-5
Let h(d) = d**2 + d + 3 + 2 + 6*d - 6*d. Let z(p) = p**3 - 12*p**2 - 14*p + 13. Let x be z(13). Suppose x = 25*y - 19*y. Give h(y).
5
Let y(f) = f**2 + 8*f - 27. Suppose 4*z - 1777 = -5*j, 29*z + 440 = 30*z - 3*j. Let n = -454 + z. What is y(n)?
6
Let i(c) be the third derivative of c**6/120 - c**5/12 - 3*c**4/2 + 19*c**3/6 + 3319*c**2. Determine i(9).
19
Suppose 5*z + 3*z - 112 = 0. Suppose -10 = -z*p + 18. Let l(y) = -1 - 6*y**p + 3*y**2 + 0. What is l(1)?
-4
Let d(w) be the first derivative of 4*w**3/3 + 6*w**2 + 5*w - 4782. Determine d(-3).
5
Let l(w) = -2 + w + 11 - 5*w - 10. Suppose 315*j + 2 = 316*j. Determine l(j).
-9
Let o(s) = -2678*s + 1 + 2678*s + 3 + s**2. Suppose -13*w = -16 - 36. Suppose 25 = 5*j, -y - y - w*j = -20. Determine o(y).
4
Suppose 0*h + 8*h = 56. Let u(z) = 0*z - 287 - 7*z**2 + 297 + z**3 - z. What is u(h)?
3
Let v be 9 + 3/(1 - -2). Let b be (-212)/(-18) + v/45. Let t(n) be the first derivative of n**3/3 - 11*n**2/2 - 5*n + 2100. Calculate t(b).
7
Let d = -31867 - -31870. Let v(u) be the second derivative of 0 - 17/12*u**4 - 1/2*u**2 + 0*u**d - 10*u. What is v(1)?
-18
Let c(a) be the second derivative of a**5/20 - 5*a**4/6 + 2*a**3 + 2*a**2 + 82*a + 4. Determine c(6).
-68
Suppose -6 = 3*i - 4*c, -3*c + 103 = -4*i + 102. Let s(n) = -2*n**2 - 7*n + 14. Calculate s(i).
-8
Let 